
True
Is 150721819 prime?
True
Is 220025227 prime?
True
Is 119625079799 a composite number?
False
Is 14620101829 composite?
False
Is 6476529403 composite?
False
Is 115273688447 prime?
True
Is 79071808061 composite?
False
Is 58411583 composite?
True
Is 68685425801 prime?
False
Is 191840689 prime?
False
Is 1899863171 a prime number?
True
Is 46275857 composite?
False
Is 99716670161 composite?
False
Is 6025624169 prime?
False
Is 4426900999 composite?
False
Is 11941831553 a composite number?
False
Is 43965701319 a composite number?
True
Is 4422858551 a composite number?
True
Is 27736598647 prime?
True
Is 62578165193 prime?
False
Is 2365267061 a prime number?
False
Is 31036229381 composite?
False
Is 1989347065 a prime number?
False
Is 74947549547 a prime number?
False
Is 972406009 composite?
False
Is 118684763 composite?
False
Is 32775689 prime?
False
Is 954653899 a composite number?
True
Is 762759806 prime?
False
Is 65988793169 a composite number?
True
Is 159518389 a prime number?
True
Is 38569888411 prime?
False
Is 337993781 a prime number?
True
Is 15465019793 composite?
False
Is 40899662509 a prime number?
True
Is 4839208169 composite?
False
Is 16991979311 prime?
False
Is 47691521 prime?
False
Is 2907121097 a prime number?
True
Is 645021029 prime?
True
Is 664634777 prime?
True
Is 63901477963 a composite number?
True
Is 5529915701 a prime number?
False
Is 79228833367 a prime number?
False
Is 892185043 a prime number?
False
Is 1559299855 a composite number?
True
Is 2540046073 a prime number?
False
Is 64314839 prime?
True
Is 13775339111 composite?
False
Is 1227259819 a composite number?
False
Is 178039638331 composite?
True
Is 1953240967 composite?
False
Is 162435251581 composite?
True
Is 2131735747 composite?
False
Is 8483305081 composite?
False
Is 14080881947 composite?
True
Is 4515315643 composite?
False
Is 12448234061 a composite number?
False
Is 30736322909 a prime number?
True
Is 72193289929 prime?
False
Is 70300537 a composite number?
True
Is 17908655069 prime?
True
Is 64268573713 composite?
False
Is 11830823 composite?
True
Is 44858668363 a composite number?
False
Is 830356199 a prime number?
False
Is 4533032591 a prime number?
True
Is 146318500919 prime?
False
Is 213882002 a composite number?
True
Is 625949267 a composite number?
False
Is 24066407093 a composite number?
False
Is 22698730039 prime?
True
Is 355356529 a composite number?
True
Is 8994494339 a composite number?
False
Is 1680360991 composite?
False
Is 851624209 composite?
True
Is 33594721393 a prime number?
False
Is 7235871757 prime?
False
Is 76696466461 prime?
False
Is 52892524061 a composite number?
True
Is 58255631 a composite number?
True
Is 84225467 composite?
True
Is 6890216961 composite?
True
Is 133055479663 prime?
True
Is 321625903 composite?
True
Is 4559753903 a composite number?
False
Is 409684603 a composite number?
True
Is 3562601611 a prime number?
True
Is 56150257 a prime number?
True
Is 21561929 a composite number?
False
Is 6828911 composite?
False
Is 1569776255 composite?
True
Is 4253891699 prime?
False
Is 5347228877 a composite number?
False
Is 4785057649 prime?
False
Is 45765351883 composite?
True
Is 246401713 a composite number?
False
Is 12631777511 prime?
True
Is 105285770029 a prime number?
False
Is 19582245131 a prime number?
True
Is 370907045087 a composite number?
False
Is 328048441 prime?
False
Is 305356127 prime?
True
Is 36260497151 prime?
False
Is 9395743909 prime?
False
Is 659260003 composite?
True
Is 1908419297 a prime number?
False
Is 29136529 composite?
False
Is 38745299 prime?
True
Is 23266012109 prime?
False
Is 178224359 a prime number?
False
Is 1470203993 a composite number?
False
Is 6942359681 a composite number?
False
Is 26529818069 a composite number?
False
Is 60480726913 composite?
False
Is 14984932429 a composite number?
False
Is 1822685791 prime?
False
Is 480324539 prime?
True
Is 93125085559 prime?
False
Is 4385316319 prime?
True
Is 1074274807 a composite number?
False
Is 321252563 composite?
False
Is 16459761881 composite?
False
Is 1903126259 a prime number?
True
Is 4150744811 a prime number?
True
Is 5937911069 a prime number?
True
Is 126480684643 a composite number?
False
Is 129468335039 composite?
False
Is 3323674023 composite?
True
Is 23962430669 prime?
True
Is 1366339721 composite?
True
Is 3139185379 a prime number?
False
Is 24368699567 prime?
True
Is 1851837233 a prime number?
False
Is 35884846237 a composite number?
False
Is 4420310101 composite?
False
Is 151810121 a composite number?
True
Is 15459171131 prime?
True
Is 30351134899 composite?
True
Is 281479301029 a composite number?
False
Is 61821871 a prime number?
True
Is 224009777 a prime number?
True
Is 473789861 a prime number?
True
Is 12414963593 prime?
True
Is 2793035227 prime?
False
Is 437122067 prime?
True
Is 45211367 composite?
False
Is 10007315951 composite?
True
Is 22274580535 a composite number?
True
Is 1843084753 prime?
True
Is 17123408065 a prime number?
False
Is 20684534917 composite?
False
Is 1715864237 a composite number?
False
Is 60369737 a composite number?
True
Is 30594729377 a prime number?
True
Is 23407205779 composite?
True
Is 300012629 a composite number?
True
Is 1699614283 prime?
True
Is 4949396483 composite?
False
Is 1794425957 a composite number?
True
Is 277209941 a composite number?
False
Is 214454069 prime?
False
Is 20127094577 composite?
False
Is 146923111819 prime?
False
Is 409893277 a prime number?
False
Is 1268762657 composite?
False
Is 7458024923 composite?
True
Is 18884147 prime?
True
Is 116642342653 a composite number?
True
Is 96459791509 a prime number?
True
Is 1375589183 a composite number?
True
Is 46059750311 a composite number?
True
Is 170933979 prime?
False
Is 7950849013 a composite number?
False
Is 5408011061 composite?
True
Is 70654779577 a prime number?
False
Is 31267930283 composite?
False
Is 3423481259 composite?
True
Is 812625337 prime?
True
Is 6711969829 composite?
False
Is 173639051 composite?
False
Is 1909820639 composite?
False
Is 82869419 composite?
True
Is 172076083 composite?
True
Is 1325076371 a prime number?
False
Is 67574041 prime?
False
Is 929897533 a composite number?
True
Is 842752511 a prime number?
True
Is 6343402531 prime?
True
Is 14628779591 a prime number?
True
Is 6415881203 composite?
False
Is 807495989 a composite number?
False
Is 4682347 composite?
False
Is 641051371 a composite number?
False
Is 2338056121 prime?
False
Is 23809987 a composite number?
False
Is 16796350247 composite?
True
Is 6185416297 composite?
False
Is 14455622723 composite?
False
Is 6772296403 a prime number?
True
Is 1966486367 a composite number?
True
Is 1015468603 prime?
False
Is 145824379 a composite number?
False
Is 38979821 prime?
True
Is 2816067229 a composite number?
True
Is 614133469 a composite number?
True
Is 338036033 a composite number?
True
Is 999179359 a composite number?
False
Is 31176332651 prime?
True
Is 2035427291 a composite number?
False
Is 68624480293 composite?
True
Is 689681533 prime?
True
Is 777445849 a prime number?
False
Is 2788397107 composite?
False
Is 12001513327 a composite number?
False
Is 5651622743 a prime number?
False
Is 37905324713 composite?
False
Is 3093693467 a composite number?
False
Is 3928618131 composite?
True
Is 931060799 prime?
False
Is 41528269 a composite number?
True
Is 5713004527 a composite number?
True
Is 875953993 prime?
False
Is 56950797143 composite?
False
Is 429901051 a prime number?
False
Is 822758803 prime?
False
Is 3555624689 composite?
False
Is 997040047 a composite number?
False
Is 30881341811 a prime number?
True
Is 190750243 prime?
True
Is 55670870351 a prime number?
True
Is 22724059 composite?
True
Is 1252588019 a composite number?
True
Is 1174463627 a prime number?
True
Is 4585194001 prime?
True
Is 250187557 composite?
False
Is 4921890529 a prime number?
False
Is 51233344013 a composite number?
True
Is 6673771 composite?
True
Is 9265958047 prime?
True
Is 81357952133 a prime number?
True
Is 5451470333 composite?
False
Is 282616517 prime?
False
Is 198084277931 composite?
False
Is 1017402073 a composite number?
False
Is 19569246959 composite?
False
Is 21221896469 a composite number?
True
Is 6099697421 a prime number?
True
Is 742850029 a prime number?
True
Is 883355161 prime?
False
Is